4/4 - 3*s**3/2 + 5*s**2 - 4*s. Let q be h(-10). Suppose 5*m - 47 - 18 = q. List the prime factors of m.
13
Let m(g) = 2*g**2 - 8*g - 14. List the prime factors of m(-6).
2, 53
Let h = 60 + -4. List the prime factors of h.
2, 7
Let b = -4 + 4. Suppose b = 3*p - 8 - 40. Suppose -h = -2, p = 3*d - 0*h + 2*h. What are the prime factors of d?
2
Let d = 561 + -343. What are the prime factors of d?
2, 109
Let l(f) = -f**2 + 5*f - 2. Let h be l(2). Let p = h + -2. List the prime factors of 3/(9/12) - p.
2
Suppose 6*s - 4*s = 14. Let o = 29 - s. What are the prime factors of o?
2, 11
Let w be 3/(-6)*0 + 49. Suppose 5*h - 15 = 0, 5*u = -3*h - 20 + w. List the prime factors of (-3 - -5)/(u/38).
19
Suppose 0*l = -6*l + 1158. What are the prime factors of l?
193
Let w(u) = 2*u - 1. Suppose -2 = -f + 13. Suppose 4*d + 3*k - f = 0, -d + 3 = -0*d + k. List the prime factors of w(d).
11
Suppose -3*b + 0*b = -39. Let s = -11 + 15. Let y = b - s. List the prime factors of y.
3
What are the prime factors of (9/(-3) + -3)/(2/(-3))?
3
Let z(c) = -c**2 - c. Let m be 1 + (-1*6)/(-3). Let q(i) = 6*i**2 + 2*i + 1. Let h(r) = m*z(r) + q(r). List the prime factors of h(2).
11
Suppose 3*f = -2*r + 5*r - 3, r + 3 = -3*f. Suppose -5*v + r*v + 40 = 0. List the prime factors of v.
2
Let i = 230 + -107. List the prime factors of i.
3, 41
Let s = -9 - -9. Suppose -b + 4 + 11 = s. What are the prime factors of b?
3, 5
Let y = 46 - 24. What are the prime factors of y/99 - (-374)/18?
3, 7
Let o be (-1 - -1) + -3 + 9. Let u = o - -2. List the prime factors of u.
2
Suppose t = 3*t - 440. What are the prime factors of t?
2, 5, 11
Let o be (-60)/(-8)*4/6. Let n(k) = k**2 - k + 2. List the prime factors of n(o).
2, 11
Let k(j) = -10*j + 11. List the prime factors of k(-20).
211
Let p = 5 - 15. Let c be p/(-4)*12/15. Suppose 0 = -0*g - c*g + 4. What are the prime factors of g?
2
Let r(k) = 4*k - 2. Let m be r(5). Let j = 33 - m. What are the prime factors of j?
3, 5
Let y = -10 + 163. What are the prime factors of y?
3, 17
Let f(n) = 13*n + 1. Let c be f(1). Let h = c - 10. What are the prime factors of h?
2
What are the prime factors of 2610/50 - (-1)/(-5)?
2, 13
Let t = 239 + -53. What are the prime factors of t?
2, 3, 31
Suppose 0 = -7*y + 843 - 157. List the prime factors of y.
2, 7
Let w be (-3 - (3 - 6))*1. Suppose 4*i - 27 - 57 = w. List the prime factors of i.
3, 7
Let d(q) = q**2 - 2*q + 1. Let c be d(3). Let s = c + -4. Suppose s*w = 3*w - h - 34, 40 = 4*w + 4*h. List the prime factors of w.
11
Let f be (0 - 2) + 4 - 2. Suppose f = -4*g + 72 + 28. List the prime factors of g.
5
Let s = -4 - -6. Suppose -6 - 4 = -s*u. Suppose -2*v - 50 = -u*v + 2*o, 5*v = 3*o + 83. List the prime factors of v.
2
Suppose -2*b = -2*z + 4, 4*z - 10 = 3*b - b. Suppose z*t + 21 = h, 0*h - 4*t = 5*h - 10. What are the prime factors of (h/4)/(9/12)?
2
Let x be 4*28/(-8)*-4. Suppose 5*a - 59 = -2*q, x = 5*a - 0*q + 3*q. List the prime factors of a.
13
What are the prime factors of (-3)/2*(4 - 86)?
3, 41
Let x(g) = g - 2. Let q be x(6). Let c(v) = v + 6 + v**2 - v - q*v. List the prime factors of c(5).
11
Suppose -2*x + 3*x = 13. List the prime factors of x.
13
Let v(z) = -z - 3. Let a be v(-3). Let o be (-1 - (a + 1)) + -22. Let p = -11 - o. List the prime factors of p.
13
Let c = -32 + -2. Let p = -12 - c. What are the prime factors of p?
2, 11
Let u(r) = -r**3 - 6*r**2 - 6*r - 5. Let o be u(-5). Suppose -x + 16 = -o. What are the prime factors of x?
2
Let m(z) = -5*z - 6 - 2 - 3 + 4. What are the prime factors of m(-7)?
2, 7
Suppose 5*q = 5*l - 330, 3*l + 2*q - 168 = -q. List the prime factors of l.
61
Let f(i) be the second derivative of 3*i**2 + i + 1/6*i**3 + 0. List the prime factors of f(6).
2, 3
Suppose 0 = 3*g - 2*g - 12. List the prime factors of g/16*(-4)/(-1).
3
List the prime factors of -2*(4 - -4)*-1.
2
Let h = 29 + -20. Suppose -4*a - 15 = -h*a. Suppose a*g - 2*g = 9. What are the prime factors of g?
3
Let u(y) = -y**3 + 4*y**2 - 4*y + 4. Suppose 0 = 3*f + 3, -4*q + 10 = -5*f - 7. Let g be u(q). List the prime factors of (-13 + g)*(1 - 2).
2, 3
Suppose 0 = -0*x + x. What are the prime factors of -1*(-2 - x) + 42?
2, 11
List the prime factors of (18/4 - 2)/((-4)/(-8)).
5
Let p(a) = -3*a + 3*a - 10 + 3*a - a. Let t be p(7). Let n = 10 + t. List the prime factors of n.
2, 7
Let t be (2 - 5) + -2 + 3. Let b be (-2)/(0 + t/(-8)). List the prime factors of 2/b + 98/8.
2, 3
Let n = -60 - -101. What are the prime factors of n?
41
Let v(j) = -j**3 - 3*j**2 + 6*j - 7. Let l be (-4)/20 + (-16)/(-5). Suppose -l*b + 3*p + p = 19, -b - 5*p = 0. What are the prime factors of v(b)?
13
Suppose 0*f - 5*f = -250. List the prime factors of f.
2, 5
Let g(v) = v**2 + 4*v + 3. Let w be g(-4). Suppose -2*p = w + 1. What are the prime factors of p + 3 - (1 - 15)?
3, 5
Suppose -b = -2*b. Suppose b = 6*p - 8*p + 4. List the prime factors of p.
2
Let f = 15 - 13. Suppose f*r - 7*r = 2*c - 3, -2*r = -4*c + 42. List the prime factors of c.
3
Let v = -279 + 566. List the prime factors of v.
7, 41
Let h = -347 + 645. List the prime factors of h.
2, 149
Let b(w) = -3*w + 40. List the prime factors of b(-7).
61
Let r(j) = -5*j + 2. Let d(a) = 11*a - 4. Let n(t) = 2*d(t) + 5*r(t). Let u be n(-2). List the prime factors of (-6)/24 - (-74)/u.
3
Let t(f) = 2*f**2 - 5*f - 4. Let g be t(4). Let m = g - 5. Suppose 8*o = m*o + 50. List the prime factors of o.
2, 5
Let c be 2/7 + (-57)/(-21). Let d(w) be the first derivative of w**4/4 - w**3/3 - w**2 - 2*w - 1. List the prime factors of d(c).
2, 5
List the prime factors of (-3)/(-12) - 2854*3/(-24).
3, 7, 17
Let c be 10/(-2)*1/(-1). Suppose b + 1 = -2*r - 3, -2*r = c*b + 20. Suppose -a = -2 - r. List the prime factors of a.
2
Let l be (-20)/(-5)*(-10)/(-8). Suppose 5*x = x + 12, 0 = 2*r - l*x + 9. What are the prime factors of r?
3
Let a = 159 + -92. Let o = a + -40. What are the prime factors of o?
3
Let q(c) = -3*c**2 + 2*c + 192. What are the prime factors of q(0)?
2, 3
Let u(l) = -5*l**3 - l - 1. Let j be u(-1). Suppose -2*t + 58 = 2*k, -4*k = t - 15 - j. List the prime factors of t.
2
Let g be (-90)/(-12)*(-72)/10. Let u be (g/4)/((-3)/4). Suppose 0 = -4*p + 2*t + 42, 0*p - 3*t = -p + u. List the prime factors of p.
3
Let z(r) = 9*r - 11 - 8*r - 4*r. What are the prime factors of z(-5)?
2
Let n be (6/(-8))/(2/8). Let f be n/(-9)*3 - -2. Suppose -f*j = -12, 3*x - 9 = 2*j + 19. List the prime factors of x.
2, 3
Suppose -67 = -5*i + 73. List the prime factors of i.
2, 7
Suppose 5*t + 74 + 6 = 0. Let g = -1 - t. What are the prime factors of g?
3, 5
List the prime factors of 5/(25/(-460))*(-5)/2.
2, 5, 23
Suppose -x + 6 = -0*m - 4*m, 3*x = 4*m + 10. Let g be (1/x)/((-4)/(-8)). List the prime factors of (-18)/((-9)/3) + g.
7
Let w(p) = -41*p**3 + p**2 + p + 1. Let o(y) = y**3 + 3*y**2 - y - 4. Let u be o(-3). List the prime factors of w(u).
2, 3, 7
Let z = 85 + -83. What are the prime factors of z?
2
Suppose 17 = 5*m - 4*o + 5, -3*o = -6. Suppose 3*w - 4*a + 3 = 4*w, -a = -m*w + 80. List the prime factors of w.
19
Let j = 506 - 260. List the prime factors of j.
2, 3, 41
Suppose -t + 0*t + 6 = 0. What are the prime factors of t?
2, 3
What are the prime factors of (4 - 4) + (3 - (-129 + 1))?
131
What are the prime factors of (7 - -51) + 5 + 4/(-2)?
61
Let a be (-41)/(-4) - 1/4. Suppose 5*z + 4*o = 8, 3*z - 5*o + a = 8*z. Let r(l) = -l**3 + l**2 - l + 6. List the prime factors of r(z).
2, 3
Let t(h) = 15*h + 2. Let f(z) = -z + 1. Let p(u) = 3*f(u) + t(u). Let k be p(5). Suppose -5 + k = 5*m. What are the prime factors of m?
2, 3
List the prime factors of 2*1/(6/27).
3
Suppose -7*x + 2131 = 801. What are the prime factors of x?
2, 5, 19
Suppose -4*r = 4*x - 4, 2*x - x - 3 = r. Let s(c) = -15*c. Let m be s(r). Suppose 4*l - 65 = 2*f - m, -62 = -4*l - 2*f. List the prime factors of l.
2, 7
Let r = 144 - 100. List the prime factors of r.
2, 11
Suppose -3*i + 4*l = -74, -4*i - 2*l - 3 + 87 = 0. Suppose 5*g = 103 + i. What are the prime factors of g?
5
Let f be (3/(-4))/((-2)/(-8)). Let r be f/(-1*6)*78. Suppose 0 = 4*h - r - 29. What are the prime factors of h?
17
Let p be (2 + 0)*(-1 - -3). Suppose 3*t - 41 = -5*o, -5*o + p*t - 8*t + 38 = 0. Suppose -5*q - 34 = -3*c - o, q - 3 = 0.